 by (-3 + -2 - 19)*s/(-3)?
26
Suppose -5*m = -q - 32, q - 5*q = -2*m + 20. Calculate the remainder when 58 is divided by m.
4
Let d = 21 - -5. Let x = d - 22. Calculate the remainder when 25 is divided by x.
1
Suppose 19*v + 46 = -4*v. Let l = 118 + -62. Let i = l + v. Calculate the remainder when i is divided by 28.
26
Suppose 4*b = 6*b. Suppose 5*d - 28 - 127 = b. What is the remainder when d is divided by 8?
7
Let c = -628 + 688. What is the remainder when 167 is divided by c?
47
Suppose 1 = 8*j + 329. Let k = 83 + j. Calculate the remainder when 83 is divided by k.
41
Let p(i) = -2*i**3 - 4*i**2 + i + 4. Suppose -35*j + 22*j + 949 = 0. Calculate the remainder when j is divided by p(-3).
16
Let i = 258 + -165. Calculate the remainder when 360 is divided by i.
81
Let z(r) = -121*r - 16. Let h be z(-17). Calculate the remainder when (-2)/6 - h/(-39) is divided by 18.
16
Suppose 3*g - 9 = 0, 3*k - 4*g - 20 = 7. Let s(c) = -c**2 + 9*c + 7. Let b be s(11). Let n = -10 - b. Calculate the remainder when k is divided by n.
3
Suppose 0 = 4*l - r - 283, 3*r + r - 359 = -5*l. Calculate the remainder when l is divided by 5.
1
Suppose -4*q = q. Suppose -2*l + 154 = 4*a, q = 5*l - 22 + 7. Let d(g) = -3*g + 4. What is the remainder when a is divided by d(-2)?
7
Let w(b) = -7*b - 3. Suppose i - 7*i = -408. Calculate the remainder when i is divided by w(-3).
14
Suppose b - 4*i - 67 = 0, 3*b - 19*i + 20*i = 136. Calculate the remainder when b is divided by 9.
2
Let l(z) = z**3 + 6*z**2 + 6*z + 1. Let y = 6 - 10. Let s(k) = -k**2 - 13*k - 5. What is the remainder when s(-3) is divided by l(y)?
7
Let l(a) = -a**3 + 13*a**2 + 48*a + 25. Calculate the remainder when 374 is divided by l(16).
24
Let y(b) = -b**3 - 6*b**2 + 4*b + 10. Let f = -1 + 3. Suppose i = f*z - 4*z + 31, -5*z + 170 = 5*i. Calculate the remainder when i is divided by y(0).
7
Let d(g) be the first derivative of -g**4/4 + 4*g**3/3 + 2*g**2 + 4*g + 7. What is the remainder when d(3) is divided by 16?
9
Let f = 483 + -256. What is the remainder when f is divided by 12?
11
Let l = -160 - -392. Calculate the remainder when l is divided by 6.
4
Let d = -1146 - -1180. Calculate the remainder when 611 is divided by d.
33
Let b(t) = -t - 1. Let o be b(-7). Let c(r) = 2*r**2 - 9*r + 4. What is the remainder when 87 is divided by c(o)?
21
Let n(a) = a**3 - 13*a**2 + 9*a + 167. Calculate the remainder when 835 is divided by n(11).
19
Suppose v + 3*x + 2*x = 3, v - 3 = -4*x. Suppose -3*r + 0*t - 3*t = -66, v*r + 5*t - 66 = 0. What is the remainder when 108 is divided by r?
20
Suppose -3*i - 7 + 13 = 0. Suppose i*o - 48 = -2*v, -4*v = -o - 4*o + 147. Calculate the remainder when o is divided by 7.
6
Suppose 321 = 3*m + 5*x, 3*m - 2*x = 338 - 38. What is the remainder when m is divided by 9?
3
Suppose -2*y + 172 = 5*d + 33, -257 = -4*y - 3*d. Let o = y + -49. Calculate the remainder when o is divided by 2/3*(-15)/(-2).
3
Suppose 12 = -4*o + o - 2*n, 0 = o + 5*n + 4. Let v = 11 + o. Calculate the remainder when 4 + (-1 - 0) + (-195 - -217) is divided by v.
4
Suppose 0 = -2*x + 2*z + 128 + 18, -380 = -5*x + 2*z. Suppose w - 40 = 4*p, 0 = -0*p - 3*p. What is the remainder when x is divided by w?
38
Let q = -10 - -18. Let p be ((-6)/(-4))/(21/910). Suppose 241 = q*k + p. Calculate the remainder when k is divided by 8.
6
Let u(a) = -52*a**3 + 6*a**2 + 6*a + 4. Let b be u(-2). Suppose 4*w = 4*c + b, -c + 2*c - 427 = -4*w. Calculate the remainder when w is divided by 9.
8
Let j = 49 + -25. Calculate the remainder when 16 is divided by (-3 - 0/1) + j/4.
1
Suppose 3*b - 185 = -56. Suppose 26 + b = 3*j. Calculate the remainder when 113 is divided by j.
21
Let y = -435 + 443. Let s = 73 + -3. What is the remainder when s is divided by y?
6
Let p = 839 + -748. What is the remainder when p is divided by 41?
9
Let t = 13 - -59. Suppose -224 + t = -8*r. Calculate the remainder when r is divided by 7.
5
Let r = -524 + 654. Calculate the remainder when 517 is divided by r.
127
Let w = -52 + 57. Suppose -2*k + 2*r = -28, 0 = 3*k + w*r - 34 + 8. What is the remainder when 44 is divided by k?
8
Suppose 4*y = 4*v - 204, -4*y - 3*v - 174 = 51. Let l be (1 - -4)*y/(-15). Suppose -q + l = 2*q. What is the remainder when 22 is divided by q?
4
Let v(t) = -2*t**2 + 3*t + 3. Let q be (1/(-3))/(8/48). Let d be v(q). Calculate the remainder when 10 + d - (1 - 68) is divided by 17.
15
Let q(k) = -57*k + 44. Let u be q(6). Let f = u + 520. What is the remainder when f is divided by 32?
30
Let d(b) = b - 10. Let y be d(14). Suppose y*z - 69 = 71. Suppose 2*g = -5*j + 70 - 3, -j = -5*g - z. What is the remainder when 57 is divided by j?
12
Let k be 371/(-4) - (1 + (-18)/24). Calculate the remainder when (5/15)/((-1)/k) is divided by 4.
3
Let y = 778 + -529. Calculate the remainder when y is divided by 25.
24
Suppose 2*q - 4*s = 1418, q - 1097 = -3*s - 393. Calculate the remainder when q is divided by 120.
107
What is the remainder when ((-508)/(-16))/(17/8 - 2) is divided by 37?
32
Let f(h) = -h**3 - 2*h**2 - 4*h - 1. Suppose 7*d = 12*d - 20. Let s = 55 + d. Calculate the remainder when s is divided by f(-3).
19
Let q(y) = -18*y + 60. Calculate the remainder when (-141)/(-1*3) + 0 is divided by q(2).
23
Let b(l) = l**3 + 16*l**2 - 18*l - 14. Let t be (-33)/2 + (-7)/14. Calculate the remainder when 13 is divided by b(t).
1
Suppose 2*n - 12 = -2*b, 2*n = 2*b + b - 28. Calculate the remainder when 34 is divided by b.
2
Suppose -6*h + 2*h = -4*z - 140, -z = h - 25. Calculate the remainder when 419 is divided by h.
29
Let s = -531 + 572. Calculate the remainder when 161 is divided by s.
38
Suppose -427 = -5*y - 2*j, -2*y + 2*j + 204 = 36. What is the remainder when 185 is divided by y?
15
Let l(q) = 6*q - 7. Suppose -4 = o, -2*o - 2 = -s - 10. Calculate the remainder when l(6) is divided by (s/(-56) - 26/(-7))*2.
5
Let p(f) be the first derivative of -f**2/2 - 8*f + 16. What is the remainder when 2 is divided by p(-10)?
0
Suppose 4*j + 23 = 3*a, -7*j + 40 = 4*a - 3*j. Suppose -5*h + 4*h = -27. Calculate the remainder when h is divided by 1/((4/(-6))/((-60)/a)).
7
Let q = 309 - 277. What is the remainder when 64 is divided by q?
0
Suppose 24*q = 18*q + 2292. Calculate the remainder when q is divided by 32.
30
Suppose 303 + 25 = 41*o. Calculate the remainder when 52 is divided by o.
4
Suppose -11868 = -30*x + 5892. What is the remainder when x is divided by 27?
25
Let p = -144 + 157. Calculate the remainder when p is divided by 7.
6
Let a = -1061 - -1535. What is the remainder when a is divided by 34?
32
Suppose -3*p + 5*t = -21, p = -2*t + 8 - 1. Suppose -4*q + 869 = p*q. What is the remainder when q is divided by 20?
19
Let o(q) = -8*q + 6. Let u(m) = -2*m**3 + m. Let g = -5 + 3. Calculate the remainder when o(-4) is divided by u(g).
10
Let j(a) = 21*a**3 + 2*a**2 + 6*a - 16. What is the remainder when j(3) is divided by 37?
32
Let p = 187 + -169. What is the remainder when 87 is divided by p?
15
Let y(j) = j**2 - j + 8. Let m = 148 - 140. What is the remainder when y(m) is divided by 23?
18
Suppose 8*p - 91 = 3*p + 3*g, 3*p - 57 = g. Suppose 78 + 32 = 2*l. Calculate the remainder when l is divided by p.
15
Let w = 140 + -133. Calculate the remainder when 23 is divided by w.
2
Let x = -362 + 387. What is the remainder when 143 is divided by x?
18
Calculate the remainder when 108 is divided by 9/((-108)/24)*-4.
4
What is the remainder when 21/14*952/42 is divided by 12?
10
Let s(k) = -15*k**2 - k - 1. Let m be s(-2). Let u = -36 - m. What is the remainder when 43 is divided by u?
20
Let f = 17 + -14. Suppose f*w = -0*w + 213. What is the remainder when w is divided by 18?
17
Suppose 0 = -7*a - 12 + 82. Calculate the remainder when 24 is divided by a.
4
Let a = -22 - -34. Let k(y) = -y**3 - 8*y**2 + 5*y + 153. Calculate the remainder when k(-7) is divided by a.
9
Let k(w) = 8*w - 4. Let g be k(0). Let b = 20 + g. Calculate the remainder when 126 is divided by b.
14
Suppose -129*x = -69*x - 11760. What is the remainder when x is divided by 43?
24
Let i(g) = -g**2 - 15*g + 8. Let q = -20 - -11. Calculate the remainder when i(q) is divided by 21.
20
Let r(k) = k**2 + 2*k + 4. Suppose w = -2, w + 3 = 3*l + 16. Let v(i) = 2*i**2 - 108*i + 243. Calcu